3?
-915214
In base 15, what is -1e11da9 - -6?
-1e11da3
In base 8, what is 144025240 - -1?
144025241
In base 11, what is 1 + -1949131?
-1949130
In base 6, what is -51002004 - -35?
-51001525
In base 12, what is -49b88 - 11?
-49b99
In base 11, what is -2a5 - 418485?
-41877a
In base 15, what is -2 - 7c190?
-7c192
In base 7, what is -2000 - 1666555?
-2001555
In base 4, what is 10013211 + 10111210?
20131021
In base 15, what is -3092417 - 4?
-309241b
In base 14, what is -127 - 6722?
-6849
In base 16, what is 342 + 3a2?
6e4
In base 12, what is 7 + -88788b8?
-88788b1
In base 7, what is -22 + 6542312?
6542260
In base 10, what is 3721 - -3205?
6926
In base 2, what is 10 - 110111001000100101110111000?
-110111001000100101110110110
In base 2, what is 100 + -100110111100001100010000000?
-100110111100001100001111100
In base 8, what is -5 - -20266341?
20266334
In base 5, what is 1122313 - 101431?
1020332
In base 10, what is 2 - 238262?
-238260
In base 2, what is 10000000110010101010000000 - 0?
10000000110010101010000000
In base 16, what is -5 - -25fb81?
25fb7c
In base 11, what is -1384319 - -4?
-1384315
In base 7, what is 3 - -410165531?
410165534
In base 3, what is 120221122020 - -2?
120221122022
In base 2, what is -111001001011 + 11010111011?
-11110010000
In base 7, what is -4 + 1460665161?
1460665154
In base 10, what is -845979 + -24?
-846003
In base 9, what is 487 - -220058?
220556
In base 4, what is 11 - -33211112111?
33211112122
In base 5, what is -1140012 - 1403133?
-3043200
In base 6, what is -244 - -41411111?
41410423
In base 16, what is 843d8 + -528?
83eb0
In base 16, what is 2f - 163f3a?
-163f0b
In base 7, what is 6 - -223454455?
223454464
In base 12, what is b68 + 6427?
7393
In base 15, what is 114bde + -9?
114bd5
In base 2, what is 101110111111110001011 - -11100?
101110111111110100111
In base 11, what is 15658 + 84?
15731
In base 9, what is -557 + 811?
243
In base 12, what is -1 + 2284703?
2284702
In base 12, what is 5 + -371462a?
-3714625
In base 5, what is -2242 + -30133240?
-30141032
In base 11, what is -2 + 4119014?
4119012
In base 16, what is 0 - -197a20?
197a20
In base 9, what is -83807 + -17?
-83825
In base 4, what is -11 - 3012301020122?
-3012301020133
In base 11, what is -53a2453 + -26?
-53a2479
In base 14, what is 475 - 3885?
-3410
In base 10, what is -99000 - 50?
-99050
In base 8, what is -216 - -14704644?
14704426
In base 7, what is 1 + -55526500?
-55526466
In base 2, what is -100010 - 101001010011110111101?
-101001010011111011111
In base 16, what is 29a182 - 2?
29a180
In base 3, what is -2 - 120021001111010002?
-120021001111010011
In base 9, what is -733 - -813851?
813117
In base 14, what is -3 + 121d2da9?
121d2da6
In base 9, what is -4 - 46408561?
-46408565
In base 16, what is 0 + 2650cc?
2650cc
In base 12, what is 25 + -2a9046?
-2a9021
In base 10, what is -122282 + -182?
-122464
In base 15, what is -7 + 423937?
423930
In base 10, what is -667916 + 11?
-667905
In base 11, what is -2 - 18225328?
-1822532a
In base 3, what is -20101100 - -1001210000?
211101200
In base 11, what is -777998 - 880?
-778768
In base 7, what is 22241 - -15013?
40254
In base 9, what is -31376 - -66?
-31310
In base 14, what is 13195 + 206d?
15224
In base 7, what is -1562253 + -11432?
-1604015
In base 16, what is -31 - -6cde?
6cad
In base 4, what is 2301131223023 - 12?
2301131223011
In base 5, what is 1400324033 - 3?
1400324030
In base 3, what is 120 + -22202211021211?
-22202211021021
In base 5, what is -231302433 - -2234?
-231300144
In base 4, what is -11 - -33332213232?
33332213221
In base 7, what is -65 + -20320126?
-20320224
In base 5, what is 20111034101 - 1?
20111034100
In base 13, what is 829 - -24aa?
3006
In base 8, what is 55107 - -131?
55240
In base 4, what is -1103112 - -13113?
-1023333
In base 11, what is 429 - 171a9?
-16880
In base 5, what is -131313311440 + 3?
-131313311432
In base 16, what is -7a - -113fb0?
113f36
In base 10, what is -589021787 + -4?
-589021791
In base 16, what is 99 - -edd8?
ee71
In base 3, what is 0 - -2000111012101?
2000111012101
In base 2, what is -1111001111100110111100110111 + -1?
-1111001111100110111100111000
In base 7, what is 130 - -263?
423
In base 5, what is -2430 - 12111412?
-12114342
In base 3, what is 2110 + -21211021021210?
-21211021012100
In base 5, what is 30033 + -113120?
-33032
In base 16, what is 214905 - -ea?
2149ef
In base 14, what is 7a723 + a?
7a72d
In base 7, what is 3013 - -16360?
22403
In base 5, what is -321224303 + -3?
-321224311
In base 15, what is 12 + 27d6a?
27d7c
In base 5, what is -11404102 + 21?
-11404031
In base 6, what is 1 + 310104441?
310104442
In base 6, what is 3 - 112150514?
-112150511
In base 7, what is 1 + -310604141?
-310604140
In base 13, what is 8 + -1695600c?
-16956004
In base 12, what is -65 - -41b3399?
41b3334
In base 11, what is -275648 - -60?
-275598
In base 11, what is -6651 + 327?
-6325
In base 5, what is -1001030242 + -13?
-1001030310
In base 10, what is -18 + 1867247?
1867229
In base 13, what is 1a - 383b47?
-383b2a
In base 12, what is 2 - -70a7454?
70a7456
In base 3, what is -21 + -20201201202020202?
-20201201202021000
In base 16, what is -1215c9 + 205?
-1213c4
In base 4, what is 20331311 - -32120?
21030031
In base 13, what is -371a96ba - 3?
-371a96c0
In base 7, what is -10114042 - -26?
-10114013
In base 8, what is 13012314 + 0?
13012314
In base 10, what is -714935 + -8?
-714943
In base 13, what is -57200 + b6?
-57117
In base 14, what is -1103356 - -1?
-1103355
In base 16, what is -11432a - -42?
-1142e8
In base 15, what is 4b44a - 9b1?
4a989
In base 11, what is -12 - -27012aa3?
27012a91
In base 12, what is 48a913 + 7?
48a91a
In base 15, what is 1 - b596b38?
-b596b37
In base 14, what is -cad5d + 5?
-cad58
In base 15, what is -18e73 - -19?
-18e59
In base 8, what is 4242 - -11524?
15766
In base 16, what is -4b + 9606b?
96020
In base 2, what is 1000101011101100100101010000 + -10?
1000101011101100100101001110
In base 4, what is 302320010 + -1111313?
301202031
In base 7, what is 55 - -6505062?
6505150
In base 12, what is -49725260 + 4?
-49725258
In base 13, what is -4 - 154903?
-154907
In base 16, what is 55 - -c3051?
c30a6
In base 16, what is -5 + -a193ebc?
-a193ec1
In base 9, what is -155011228 + 0?
-155011228
In base 12, what is -2110 + 3132?
1022
In base 2, what is -110000101 - -11100000111010?
11011010110101
In base 10, what is -573 - 3210?
-3783
In base 14, what is 14 - -91285?
91299
In base 4, what is 33212201 + 31003?
33303210
In base 14, what is -49a82b7 - -3?
-49a82b4
In base 2, what is 1010010101101 - -100100101?
1010111010010
In base 2, what is 111 + 100001101100000101100?
100001101100000110011
In base 2, what is -110000000001101111 - 100010001?
-110000000110000000
In base 5, what is 1444332223 - 204?
1444332014
In base 2, what is 1 - 110111000110100000100000?
-110111000110100000011111
In base 8, what is -2051 + -3273247?
-3275320
In base 4, what is 20102120 + -2313?
20033201
In base 3, what is 1200112122 + 1021021?
1201210220
In base 3, what is -11110102211222 + 2221?
-11110102202001
In base 9, what is -8125 + -6080?
-15215
In base 12, what is 3 - a2530b?
-a25308
In base 2, what is 101001011001111011001110010 + -10?
101001011001111011001110000
In base 3, what is 1112112021021200 - 201?
1112112021020222
In base 10, what is 15848638 - -4?
15848642
In base 16, what is 2525f7 - -e?
252605
In base 5, what is -22232033 - -32240?
-22144243
In base 16, what is 10054a2 - -4?
10054a6
In base 6, what is 1 + -111424003?
-111424002
In base 16, what is 4d1bd - ab?
4d112
In base 7, what is 10412 + 4305?
15020
In base 6, what is -1211 + 13333020?
13331405
In base 10, what is 1 - 316241?
-316240
In base 8, what is -1 + 12257125?
12257124
In base 15, what is 2d4 + -13050?
-12c6b
In base 13, what is 20c7 + -135?
1c92
In base 16, what is -8f45 + 0?
-8f45
In base 7, what is -15026 + -1156?
-16215
In base 9, what is 14 - 4677345?
-4677331
In base 11, what is -11a - 135a47?
-136066
In base 5, what is -10 - 101132424300?
-101132424310
In base 16, what is -1137 - 1eb6?
-2fed
In base 14, what is -bb35 - 2aa?
-c001
In base 16, what is 7af97 - 0?
7af97
In base 12, what is 1 + -611b93?
-611b92
In base 9, what is -11275533 + 105?
-11275427
In base 14, what is 423522d - 2?
423522b
In base 12, w